-15. Let c = 22 - v. Let y(q) = 10*q - 6. Let a be y(c). Calculate the greatest common divisor of 9 and a.
9
Let u = -88 + 125. Suppose -4*v - 24 = -t - 5, 3*v - 26 = -5*t. Let r = u + t. Calculate the greatest common factor of r and 110.
22
Let v = -1794 + 2327. What is the highest common factor of 164 and v?
41
Let f be (-2392)/(-24) + (-1)/(-3). Calculate the highest common divisor of f and 75.
25
Suppose 5*u = 4*x + 313, -2*u - 4*x = -169 + 27. Calculate the greatest common divisor of 52 and u.
13
Suppose -2*m = -0*m - 5*j + 111, m = 4*j - 57. Let o = 91 + m. What is the highest common factor of o and 38?
38
Let g be 1/(237/59 + -4). Let x = g - 53. Calculate the greatest common factor of 12 and x.
6
Let u be (830/8)/(16 + 2583/(-168)). Calculate the highest common divisor of u and 913.
83
Suppose -5*i = -r + 55, -18 = 2*r + i - 150. Calculate the greatest common factor of 15 and r.
5
Let d be 18 - (3 - (-2)/(-2)). Suppose 4*w = d, 0 = 3*j - 0*j - 2*w - 40. Let n be (-15)/10*(-4)/3. What is the greatest common factor of n and j?
2
Let j(i) = 98*i - 116. Let y be j(4). What is the highest common divisor of y and 60?
12
Let p(d) = 8*d**2 - d + 48. Let s be p(-9). What is the greatest common divisor of 60 and s?
15
Let t be (-369)/(-82)*1432/18. What is the highest common factor of t and 4?
2
Let d be 20 + -1 + (-8 - (-4)/1). Calculate the highest common divisor of 5 and d.
5
Let n be (54/(-12))/((-1)/(-4)). Let v = n - -23. What is the highest common divisor of v and 1?
1
Suppose -907*w = -896*w - 2057. Suppose -2*c = -6*c - 16, 4*r + 2*c - 76 = 0. Let d = 38 - r. Calculate the greatest common divisor of w and d.
17
Suppose 0 = 8*d - 354 - 590. What is the greatest common divisor of d and 2714?
118
Let a = 12 + -7. Suppose -8 = -2*z, -m - 1 = -a*z + 5. Let t be (316/8)/((-3)/(-6)) - -5. What is the highest common factor of m and t?
14
Let h(m) = 5*m**2 + 39*m + 18. Let y be h(-10). Calculate the greatest common divisor of 32 and y.
32
Suppose -25*n + 69*n - 1155 = 33*n. Suppose -190 = -5*x + 2*g + 3*g, -x + 5*g + 22 = 0. What is the greatest common factor of n and x?
21
Let m be 11*4 - (-2 - -2). Suppose 2*a - 8 = 0, -o - 4*a + 25 = 2*o. Let f(z) = z**2 - 2*z + 1. Let s be f(o). Calculate the greatest common divisor of s and m.
4
Let s be 84 - (8/20 - (-4)/(-10)). Calculate the greatest common factor of s and 70.
14
Let j(a) be the first derivative of -a**4/4 + 7*a**3/3 + 3*a**2/2 - 4*a - 2. Let n = -2 + 9. Let z be j(n). What is the highest common divisor of 68 and z?
17
Suppose 0 = -2*o + 13*o - 1155. What is the highest common factor of 75 and o?
15
Let k = 2128 + -1903. Calculate the greatest common divisor of 81 and k.
9
Let s = 3 - 2. Suppose 4*f = -4*l + 39 - 7, -f - 3*l + 18 = 0. Calculate the highest common factor of s and f.
1
Suppose 0 = -88*f + 85*f + 213. Let q = f - 63. What is the greatest common divisor of 8 and q?
8
Suppose -3*o = 5*m - 1351, 0 = o + 7*m - 11*m - 456. Calculate the greatest common divisor of o and 113.
113
Suppose 10*w - 4*v - 7390 = 5*w, -5*w = v - 7415. Calculate the greatest common factor of w and 78.
78
Suppose 3*s + 660 = 8*s. Suppose -2*r + s = 4*r. What is the greatest common divisor of 11 and r?
11
Suppose 0 = 3*h + 4*s - 810, -28*s = 5*h - 32*s - 1318. What is the greatest common divisor of h and 112?
14
Let r = 378 - 174. Calculate the greatest common factor of 24 and r.
12
Suppose 0*a - 2*a = -4*p + 20, -3*a - 21 = -3*p. Let j be 64 + (p - 0) + -4. Let v = j - -47. Calculate the greatest common factor of 10 and v.
10
Suppose -2*p = -5*j - 25, -100*p - 4*j - 5 = -101*p. What is the highest common divisor of 925 and p?
25
Let w(x) = -17*x**2 - 17*x**2 - 2 + 2*x + 33*x**2 + 8*x. Let n be w(3). Calculate the greatest common divisor of 19 and n.
19
Let s be ((-24)/18)/((-2)/(-36)). Let n = 84 + s. Calculate the highest common divisor of 10 and n.
10
Let q = -37 + 57. Let j be (144/20)/(6/q). What is the greatest common divisor of 192 and j?
24
Let j be -2 + 6 + 98/7. What is the greatest common factor of j and 2502?
18
Let f(p) be the second derivative of -17/2*p**2 + 2*p + 0 + 1/3*p**3. Let h be f(12). Calculate the greatest common divisor of h and 7.
7
Suppose -3*s = 3*j - 354, -4*s + 0*j + 4*j + 456 = 0. Calculate the greatest common factor of s and 319.
29
Let v = 72 + -67. Suppose -16 = 4*b, -v*w + 23 + 92 = -5*b. What is the greatest common factor of 114 and w?
19
Let x be (-45)/27 + (-2)/6. Let f(r) = 4*r**3 + 2*r**2 - r. Let s be f(-6). Let v be s/(-4) + 1/x. Calculate the greatest common factor of v and 28.
28
Suppose 0 = 8*h - 16*h + 176. Calculate the highest common factor of 99 and h.
11
Let u(h) = -h**3 - 3*h**2 - 3*h + 2. Let c be u(-5). Suppose -29 - c = -j. Suppose -1 = -5*l + 119. Calculate the highest common factor of l and j.
24
Let c be ((-18)/(-8))/((-4)/(-96)*1). Suppose -144 = -9*h + c. What is the highest common factor of h and 22?
22
Let i(n) = n**3 + 34*n**2 + 99*n - 21. Let y be i(-30). Calculate the greatest common factor of y and 21.
21
Let y(d) = d**2 - 12*d + 4. Let u be y(11). Let n be 12 - u/((-21)/9). What is the greatest common divisor of 18 and n?
9
Let d(o) = 2*o - 4. Let l = -1 - -4. Let n be d(l). Let t be 4/(-2) + n - -84. What is the greatest common divisor of 12 and t?
12
Suppose 60 = i + i. Suppose 0 = 33*w - 36*w + 360. What is the highest common factor of i and w?
30
Let j = 2 + -4. Let m(r) = -5*r**3 - r**2 - r. Let f be m(j). Suppose -4*c = h - 2, h - 3*c = 2*c + f. Calculate the highest common divisor of 18 and h.
18
Let q be 328 + 4*4/8. Let p be (6 - 370/(-15)) + (-4)/6. What is the highest common factor of p and q?
30
Let j(w) = -w**3 - 9*w**2 - w - 5. Let s be j(-9). Suppose 2*u - 4 = s. Let d be (-3)/u*(-4 + 0). What is the greatest common factor of 1 and d?
1
Suppose 85*h - 130 = 84*h. Calculate the greatest common factor of 26 and h.
26
Let u = 308 + -191. Suppose 8 - 21 = -p. Calculate the highest common divisor of u and p.
13
Suppose 48 + 32 = 16*r. Suppose 0*m = -5*m - 3*u + 409, 5*m - 385 = r*u. What is the greatest common divisor of m and 16?
16
Let l be 3/7 - (-1406)/133. Let s = -4 + 6. Suppose -s*a - 3*a = -605. What is the greatest common divisor of l and a?
11
Suppose 2*d = 2*y + 4 - 38, 2*y - 22 = -2*d. What is the greatest common divisor of y and 329?
7
Suppose 17 = 4*o + x, -2*x + 22 = -0*o + 4*o. Calculate the highest common divisor of 36 and o.
3
Suppose -l = 6*g - 120, 23 + 37 = 3*g - 4*l. What is the greatest common divisor of 70 and g?
10
Suppose -4*l + 4 = -8. Suppose -4*q - l*g + 13 = 0, -g + 1 = -q - 1. Suppose -5*r = -2 - 8. What is the highest common divisor of q and r?
1
Let z(y) = 27*y**2 + 7*y + 6. Let m(t) = 81*t**2 + 20*t + 17. Let l(i) = 6*m(i) - 17*z(i). Let s be l(1). Calculate the greatest common factor of 42 and s.
14
Let s be (12/(-9))/((-2)/9). Suppose -4 = -6*m + 4*m, 2*u = 5*m - 6. Suppose s = 5*t - u*t. Calculate the highest common factor of 22 and t.
2
Let y be 0/(-2) - (-24 - 5 - -4). Calculate the greatest common divisor of 50 and y.
25
Let g be -1 - -10 - (-2 + 3). Suppose -2*o - 2*z + 15 = 17, 0 = -2*o - 4*z - 6. What is the highest common factor of o and g?
1
Suppose -2*y + 84 = 2*s + 3*s, -y = -2*s + 39. Suppose 2*n + 2*q - 111 = -3*n, -n = -q - s. Calculate the highest common factor of n and 231.
21
Let o(i) = -294*i + 2. Let l be o(-1). What is the highest common factor of l and 16?
8
Let v(x) = -x**2 + 15*x - 44. Let q be v(8). Suppose 60 = 2*c - q. What is the greatest common factor of 216 and c?
36
Suppose 0 = 14*z - 25*z + 22. What is the greatest common divisor of z and 3?
1
Let g = 773 - 665. Calculate the greatest common divisor of 54 and g.
54
Let q = 107 + -22. What is the greatest common factor of q and 51?
17
Let i = -22 + 31. Let v be 74/6 - 3/i. Let w be (51 + -1)*(v + -11). What is the highest common divisor of 20 and w?
10
Let r be (-31 + -2)*((-32)/(-12))/(-4). What is the highest common factor of r and 22?
22
Let d be 5/((-25)/(-55))*1/(-1). Let b = 73 - d. Calculate the greatest common factor of b and 210.
42
Let d = 43 - 49. Let h be 2 - (d/3 + 3). Calculate the greatest common factor of h and 11.
1
Suppose -4*g = 10 - 2. Let t(x) = -22*x + 1. Let q be t(g). Suppose -f = 4*f - q